+ 18*d + 41. Is 39 a factor of f(-2)?
False
Is (-2)/9 + (-5028)/(-27) a multiple of 62?
True
Let u be -5*(2 - (-16)/(-20)). Let l(z) = z**2 + 4*z + 15. Is l(u) a multiple of 5?
False
Suppose 3*x + 4 = -x. Let w be (0 - -4) + x + 86. Suppose -6 = -u + 4*m, 4*u - 3*m = -0*m + w. Is u a multiple of 7?
False
Let d be ((-4)/5)/(((-7)/205)/7). Let r = d - 116. Is r a multiple of 12?
True
Suppose 0 = -19*i + 8*i + 3608. Is i a multiple of 10?
False
Let s(c) = 3*c**2 - c + 4. Let y be s(2). Let d = 30 - y. Does 3 divide d?
False
Suppose 16*p - 945 = 21*p. Let j = 91 - p. Is j a multiple of 20?
True
Let g(a) = -2*a**2 + 13*a - 4. Let v be g(6). Suppose 0 = m + v, -5*u + 105 = -m - 37. Does 24 divide u?
False
Let g(n) be the third derivative of n**4/8 + 14*n**3/3 - 12*n**2 + 2. Does 18 divide g(6)?
False
Suppose 7*u = 288 + 2323. Is u a multiple of 6?
False
Let j(k) = -40*k - 1. Let v be 51*(0 - (2 - 1)). Let l(m) = 5*m. Let p(s) = v*l(s) - 6*j(s). Is p(-5) a multiple of 16?
False
Suppose 2*b - 15 = 4*n - 3, 16 = b + 3*n. Suppose -2*s + 7*s - b = 0. Suppose 123 = s*i - 39. Is i a multiple of 27?
True
Let l = 1808 - 1224. Does 9 divide l?
False
Suppose 26*h - 8*h - 4140 = 0. Does 9 divide h?
False
Let u(o) = 10*o + 56. Let s(t) = -3*t - 19. Let h(c) = -2*c + 3. Let v be h(5). Let b(m) = v*s(m) - 2*u(m). Is 12 a factor of b(0)?
False
Let r(k) be the second derivative of k**5/20 - k**4/6 + 2*k**3/3 - 5*k**2/2 - k. Let f = 35 + -30. Is r(f) a multiple of 18?
True
Suppose -2*y = -4*l + 934, -4*y - 931 = -4*l + y. Suppose l = i + 2*i. Does 32 divide i?
False
Let l(j) = -18 + 0*j**3 + 17*j + j**3 + 0*j**3 + 0*j**2 - 13*j**2. Does 21 divide l(12)?
True
Suppose -5*o = -4*f - 7*o + 748, -2*o = -8. Is f a multiple of 8?
False
Does 34 divide ((-20600)/(-721))/((-4)/(-238))?
True
Let g(a) = -a. Let y(l) = 3*l + 1. Let i(c) = 4*g(c) + y(c). Let v be i(-2). Suppose v*z - 114 = z. Is 19 a factor of z?
True
Let y(h) = h**2 + 5*h + 9. Is y(8) even?
False
Let d(i) = 2*i**3 - 8*i**2 - 13*i + 8. Let v be d(5). Does 11 divide 4 + (-200)/(2 + v)?
True
Suppose 330 = k - 2*l, 0*k + l = -4*k + 1275. Does 4 divide k?
True
Let q(s) = -7*s + 7*s**2 + s + 2*s - 3*s. Is q(3) a multiple of 14?
True
Let d(g) = -5*g**3 - 1. Let b = -54 - -53. Does 4 divide d(b)?
True
Let u(l) = -l - 3. Let r be u(0). Let s be (-19 - r)/4 - 2. Let b(n) = n**2 - n. Is b(s) a multiple of 14?
True
Let u be -2 - -4 - 1*-1. Suppose -9 - 1 = 5*k, 0 = -u*l - 4*k + 676. Is 48 a factor of l?
False
Suppose 8 = -5*a + h, 2*h + 1 + 3 = 0. Let m(z) = -z - 1. Let n(f) = -f + 12. Let v(w) = a*m(w) - n(w). Is 3 a factor of v(5)?
False
Let g = 259 - -272. Does 42 divide g?
False
Suppose 6*u - 3*u + 2*y - 828 = 0, 0 = 3*u + y - 828. Does 23 divide u?
True
Suppose 0*y + 56 = 5*y + 4*d, -3*y + 20 = -d. Suppose 7*q + 29 + 20 = 0. Is 14 a factor of y*6 - 21/q?
False
Let q(i) = -3 - 11 + 5*i - 2 - 10*i. Does 18 divide q(-22)?
False
Let z(g) = 2*g**2 - 13*g + 10. Let u(f) = -3*f**2 + 25*f - 20. Let j(i) = 3*u(i) + 5*z(i). Let t be j(-11). Suppose 0 = -6*s + 23 + t. Is s a multiple of 2?
True
Suppose 17*g = 7*g + 590. Let n = 18 + g. Does 16 divide n?
False
Let v = 1 + -1. Suppose -t - 61 = -n, 0 = -v*n + n + 2*t - 58. Is 5 a factor of n?
True
Let w(y) = -y**2 - 31*y - 78. Let a be w(-25). Let q = -49 + a. Is 3 a factor of q?
False
Suppose 2*y + 2*y - 12 = 0. Let x be (-16)/88 + 72/33. Suppose y*d - 7 = x*d. Is 7 a factor of d?
True
Suppose 46*u - 961 - 21119 = 0. Is u a multiple of 48?
True
Suppose -25*x + 22793 = 4393. Does 46 divide x?
True
Suppose 0 = 5*g - 16 + 11. Does 33 divide (-2)/(40/(-15))*132/g?
True
Let j = 39 + -3. Does 4 divide j?
True
Let b = 219 + -89. Does 10 divide b?
True
Suppose -70 - 15 = -5*o. Suppose 0 = p - 2*l - 7, 3*l = -o + 5. Does 4 divide p/(-1) - 55/(-5)?
True
Let j be (-1)/3*66/(-1). Suppose -2*z + m = -3*m, 0 = -3*z + 5*m - 2. Let i = j - z. Is i a multiple of 10?
False
Let p = 431 + -253. Let y = -117 + p. Let m = y - 28. Is m a multiple of 33?
True
Let i(p) be the second derivative of p**5/20 - 7*p**4/12 - 5*p**3/3 - 6*p. Let x be i(8). Let y = 28 + x. Is 12 a factor of y?
True
Suppose -5*a + 415 = 5*v, -244 = -4*v + a + 73. Let t = 40 + -33. Suppose -11*g + v = -t*g. Is g a multiple of 6?
False
Suppose -7*q + 22*q - 4155 = 0. Is 3 a factor of q?
False
Is (2*26/5)/((-60)/(-18150)) a multiple of 22?
True
Suppose 38*j = 4*j + 4386. Does 21 divide j?
False
Suppose 5*l - 123 = t, 2*t = -3*l + 3*t + 75. Suppose -3*h = z + l - 106, 144 = 2*z + 2*h. Is z a multiple of 44?
False
Let w(v) = 3*v**2 - 2*v + 2. Let b be ((-4)/(-8))/((-4)/(-8)). Let n be w(b). Suppose 3*q = -n, -3*r - 50 = -8*r + 5*q. Is r a multiple of 3?
True
Let s(a) = -6*a + 6. Let h(q) = -5*q + 5. Let u(d) = -5*h(d) + 4*s(d). Let n(r) = -r**2 + 25*r - 21. Let f be n(24). Is 2 a factor of u(f)?
True
Is (-2 - 28/6)*(-97929)/324 a multiple of 5?
True
Let b(n) be the second derivative of n**5/20 + n**3/6 + 6*n**2 - 4*n. Let z be b(0). Let r = z - 8. Is 4 a factor of r?
True
Let c = -19 + -2. Let a be (-6)/(-15) + (-313)/(-5). Let v = c + a. Is v a multiple of 26?
False
Let a(x) = 0*x**3 - 8 + x**3 + 29 + 11*x**2 - x. Is 14 a factor of a(-11)?
False
Let i = 39 + -9. Does 6 divide i?
True
Let d(s) = -s**2 - 7*s + 2. Let u be d(0). Is 19 a factor of ((128/20)/u)/(4/150)?
False
Suppose 4*m - 227 = -3*w + 27, -2 = -w. Let d be m/(-4)*-2*1. Let c = d - 3. Is 7 a factor of c?
True
Is 4 a factor of 4/(-10) - 2499/(-85)?
False
Let h = -42 + 43. Does 27 divide ((-96)/(h + -5))/(2/8)?
False
Let b(h) = -17*h - 8. Let l be -11 - ((-3 - 4) + 4). Does 32 divide b(l)?
True
Suppose h - 2*h + 15 = 0. Suppose -h = -n + 5. Does 12 divide n?
False
Suppose a + 6 = -5*p, -2*a - 2*a + 4*p + 48 = 0. Suppose 4*t = a*t. Let m(g) = -4*g + 53. Does 20 divide m(t)?
False
Let z(r) = -r**2 + 5. Let a(o) = -1. Let f(d) = -3*a(d) - z(d). Let k be f(-2). Suppose 5*y - 152 - 64 = -k*b, y + 432 = 4*b. Is b a multiple of 27?
True
Suppose 5141 - 2495 = 9*w. Is w a multiple of 42?
True
Let j(z) = -9*z + 174. Does 39 divide j(15)?
True
Suppose -1330 = -5*u + 2*q, -8*u - 2*q = -3*u - 1330. Is u a multiple of 34?
False
Let h(j) = -j**3 + 10*j**2 + 11*j + 6. Let p be h(11). Suppose -p*a - 7 + 37 = 0. Suppose 0 = 5*g - a*v - 195, -4*v + v - 203 = -5*g. Is 27 a factor of g?
False
Suppose -2*s + 0*x = -x + 35, -s - 4*x = 4. Let l = s - -28. Does 12 divide l?
True
Suppose 976 = -2*t + 280. Let w = -236 - t. Is 16 a factor of w?
True
Suppose -2*l - 308 = 2*m, -5*l + 316 = 3*m + 770. Let d = m + 333. Does 25 divide d?
True
Let q(w) = 8*w + 1. Let o(z) = 9*z + 2. Let f(d) = -5*o(d) + 6*q(d). Suppose -v = u - 4, 0*v - 20 = -5*v + 4*u. Does 4 divide f(v)?
True
Suppose 0 = -4*l + 2*o - 12906, -5*l + o + 0*o = 16134. Let r = -14 + -20. Does 7 divide l/(-119) - (-4)/r?
False
Let n = -3 - -9. Let d be n/10 + 212/(-20). Let i = d - -23. Does 13 divide i?
True
Suppose -s - 5*l + 24 + 17 = 0, -5*s = -2*l - 340. Suppose -8 = 2*i, -s = 2*p + i + 3*i. Let v = -14 - p. Is v a multiple of 6?
False
Is 39 a factor of (-16)/(-120) - (-104390)/75?
False
Let h be (-8)/24 + (-31)/(-3). Suppose -4*p = c - 8, 3*p - 42 = -4*c - h. Suppose -i + c = -1. Is 9 a factor of i?
True
Suppose 1 + 2 = 3*z. Let b be z*(2*15)/(-3). Is (-20)/6*18/b a multiple of 2?
True
Suppose -3404 = 8*j - 31*j. Is 4 a factor of j?
True
Suppose 2*j - 97*j = -26410. Is j a multiple of 5?
False
Let c(s) = -2*s + 19. Let l be c(8). Let g(z) = 3 - 4*z**2 + l + z**3 - z + 6*z - 2*z**3. Does 16 divide g(-6)?
True
Suppose -254 = -10*c + 186. Let r(y) = y**3 + 7*y**2 + 6*y + 2. Let g be r(-6). Suppose -g*u - 2*u = -c. Is u a multiple of 8?
False
Let c = -57 + 79. Let x = 4 + c. Does 13 divide x?
True
Suppose 3*g + 0*g = 0. Let o be -5*((-6)/10 + g). Suppose -o*t + 2*t = -16. Is 8 a factor of t?
True
Suppose 12*z - 4 = 11*z. Suppose z*a - a - 480 = 0. Is a a multiple of 40?
True
Suppose 4*m - 241 = 119. Does 6 divide m?
True
Suppose 0*w + 2*w - 5*u - 33 = 0, 13 = 2*w - u. Let h = 10 + w. Is h a multiple of 4?
False
Suppose 2*j - 211 = 109. Suppose -52 = -15*n + 53. Suppose -n*l + 2*l + j = 0. Is l a multiple of 16?
True
Let u(z) be the second derivative of z**3/3 + 29*z**2 - 16*z. Is 16 a factor of u(0)?
False
Suppose -20*v + 447 + 1333 = 0. D